
3 (base 16) to base 12
3
-4 (base 9) to base 15
-4
Convert -10101000 (base 2) to base 16.
-a8
201 (base 3) to base 15
14
Convert -10 (base 3) to base 2.
-11
What is -2 (base 6) in base 8?
-2
What is -36 (base 7) in base 2?
-11011
6 (base 10) to base 2
110
310 (base 7) to base 8
232
What is 22 (base 3) in base 7?
11
1 (base 5) to base 4
1
Convert -3d (base 14) to base 3.
-2001
-242 (base 6) to base 13
-77
What is 0 (base 7) in base 4?
0
3 (base 16) to base 6
3
-100 (base 7) to base 14
-37
What is 10a (base 11) in base 6?
335
What is -33 (base 6) in base 15?
-16
Convert -65 (base 16) to base 13.
-7a
Convert 42 (base 7) to base 6.
50
Convert -2 (base 11) to base 4.
-2
Convert 11110001 (base 2) to base 6.
1041
What is 3 (base 8) in base 12?
3
103 (base 8) to base 13
52
What is -55 (base 15) in base 3?
-2222
What is -1 (base 4) in base 2?
-1
-53 (base 11) to base 16
-3a
What is 36 (base 11) in base 9?
43
3 (base 8) to base 6
3
-2211 (base 3) to base 11
-6a
What is 102 (base 3) in base 8?
13
-401 (base 6) to base 10
-145
Convert 5 (base 14) to base 8.
5
Convert 1 (base 11) to base 16.
1
-9a (base 11) to base 8
-155
What is 101 (base 8) in base 16?
41
Convert 10012 (base 3) to base 10.
86
Convert 3 (base 5) to base 8.
3
-33 (base 5) to base 14
-14
What is 11 (base 4) in base 15?
5
-100 (base 6) to base 4
-210
Convert 1113 (base 5) to base 13.
c2
Convert 12 (base 9) to base 16.
b
-16 (base 16) to base 14
-18
Convert 3 (base 14) to base 16.
3
Convert 87 (base 16) to base 14.
99
What is -320 (base 4) in base 15?
-3b
Convert -112 (base 8) to base 11.
-68
What is -1111 (base 3) in base 12?
-34
Convert -4 (base 8) to base 3.
-11
Convert -1 (base 11) to base 15.
-1
3 (base 9) to base 3
10
Convert -1 (base 12) to base 16.
-1
Convert 100011 (base 2) to base 12.
2b
-3 (base 16) to base 2
-11
11 (base 3) to base 6
4
What is 66 (base 16) in base 7?
204
-2 (base 9) to base 5
-2
What is -102 (base 4) in base 10?
-18
Convert 1 (base 9) to base 14.
1
Convert 3 (base 10) to base 14.
3
Convert -154 (base 15) to base 13.
-1a5
-520 (base 6) to base 7
-363
Convert 120 (base 5) to base 3.
1022
Convert 133 (base 5) to base 12.
37
Convert 24 (base 12) to base 14.
20
Convert 200 (base 3) to base 13.
15
What is -3 (base 4) in base 3?
-10
Convert -3 (base 7) to base 3.
-10
What is 5 (base 14) in base 10?
5
What is -7 (base 14) in base 10?
-7
Convert -2 (base 11) to base 16.
-2
122 (base 3) to base 11
16
What is 2 (base 13) in base 11?
2
-100 (base 6) to base 10
-36
What is 4 (base 10) in base 15?
4
What is -12002 (base 3) in base 4?
-2021
What is -37 (base 10) in base 4?
-211
Convert 0 (base 4) to base 7.
0
What is 0 (base 12) in base 6?
0
What is 74 (base 14) in base 15?
6c
What is -13 (base 9) in base 2?
-1100
What is -2 (base 3) in base 11?
-2
What is 21 (base 3) in base 6?
11
-25 (base 8) to base 9
-23
What is 4 (base 12) in base 3?
11
-d (base 16) to base 8
-15
What is a (base 16) in base 8?
12
0 (base 16) to base 13
0
What is -65 (base 9) in base 15?
-3e
What is 10 (base 8) in base 16?
8
84 (base 12) to base 2
1100100
What is -111 (base 7) in base 6?
-133
What is -4 (base 14) in base 3?
-11
What is 222 (base 5) in base 4?
332
Convert 103 (base 12) to base 16.
93
Convert 13 (base 5) to base 11.
8
Convert 0 (base 6) to base 12.
0
-11 (base 8) to base 12
-9
-1112 (base 4) to base 9
-105
What is 155 (base 7) in base 3?
10022
What is 5 (base 11) in base 8?
5
Convert -21020 (base 3) to base 12.
-143
0 (base 15) to base 3
0
What is 128 (base 10) in base 2?
10000000
11100 (base 2) to base 5
103
Convert -1220 (base 3) to base 15.
-36
-1 (base 4) to base 12
-1
Convert 50 (base 13) to base 7.
122
What is 10 (base 2) in base 14?
2
211 (base 5) to base 4
320
Convert -2 (base 13) to base 6.
-2
What is -91 (base 13) in base 4?
-1312
2 (base 8) to base 11
2
-22 (base 9) to base 8
-24
64 (base 14) to base 2
1011000
-15 (base 12) to base 5
-32
-320 (base 7) to base 9
-188
20 (base 7) to base 3
112
226 (base 12) to base 15
163
Convert -102 (base 4) to base 11.
-17
What is -100001 (base 2) in base 8?
-41
2121 (base 4) to base 13
ba
What is 3 (base 14) in base 8?
3
Convert -21 (base 11) to base 16.
-17
cb (base 14) to base 5
1204
-144 (base 8) to base 5
-400
13 (base 7) to base 14
a
What is -4 (base 14) in base 9?
-4
What is -1211 (base 5) in base 14?
-cd
Convert -107 (base 8) to base 13.
-56
What is 3 (base 4) in base 3?
10
What is 3 (base 6) in base 12?
3
-233 (base 7) to base 10
-122
Convert -2 (base 3) to base 11.
-2
-72 (base 9) to base 12
-55
-7 (base 15) to base 4
-13
1 (base 3) to base 12
1
What is 11 (base 7) in base 3?
22
Convert 1 (base 16) to base 5.
1
Convert 2 (base 10) to base 6.
2
Convert 50 (base 12) to base 5.
220
9a (base 12) to base 13
91
Convert -11 (base 12) to base 10.
-13
-4 (base 7) to base 4
-10
Convert 24 (base 13) to base 7.
42
11 (base 16) to base 3
122
-1033 (base 6) to base 10
-237
-1 (base 7) to base 6
-1
36 (base 10) to base 9
40
What is 407 (base 9) in base 8?
513
Convert 5 (base 8) to base 16.
5
What is 100 (base 5) in base 4?
121
What is -18 (base 9) in base 3?
-122
Convert 1121 (base 3) to base 13.
34
What is -53 (base 6) in base 10?
-33
What is -2 (base 8) in base 14?
-2
Convert -b8 (base 13) to base 5.
-1101
25 (base 6) to base 14
13
Convert d0 (base 15) to base 4.
3003
41 (base 7) to base 8
35
What is 1011 (base 2) in base 4?
23
What is -1 (base 7) in base 8?
-1
Convert -7 (base 10) to base 13.
-7
What is -2 (base 14) in base 16?
-2
-86 (base 16) to base 4
-2012
-20 (base 3) to base 9
-6
Convert 4 (base 9) to base 16.
4
-b (base 12) to base 9
-12
1 (base 3) to base 14
1
What is 2 (base 12) in base 11?
2
151 (base 12) to base 16
cd
What is 1013 (base 4) in base 11?
65
What is -61 (base 8) in base 2?
-110001
8 (base 14) to base 13
8
Convert -11 (base 5) to base 15.
-6
What is -3a (base 15) in base 9?
-61
Convert -3 (base 7) to base 3.
-10
-1a (base 11) to base 14
-17
Convert 2 (base 6) to base 8.
2
-100010111 (base 2) to base 9
-340
What is b (base 15) in base 6?
15
What is -2 (base 10) in base 5?
-2
What is 4 (base 5) in base 8?
4
What is -11 (base 15) in base 2?
-10000
-59 (base 10) to base 8
-73
Convert 16 (base 16) to base 3.
211
Convert -2 (base 6) to base 2.
-10
-302 (base 5) to base 14
-57
Convert -111 (base 10) to base 16.
-6f
6 (base 7) to base 10
6
-107 (base 10) to base 12
-8b
Convert -4 (base 7) to base 15.
-4
Convert 0 (base 14) to base 11.
0
-6 (base 11) to base 16
-6
4 (base 7) to base 13
4
What is -12 (base 7) in base 16?
-9
What is -103 (base 6) in base 15?
-29
What is -15 (base 12) in base 9?
-18
Convert 201 (base 4) to base 9.
36
What is 0 (base 13) in base 15?
0
-32 (base 6) to base 9
-22
Convert -3 (base 12) to base 13.
-3
Convert 34 (base 12) to base 10.
40
What is 27 (base 10) in base 9?
30
What is -3 (base 16) in base 6?
-3
Convert 1 (base 4) to base 13.
1
Convert 1 (base 7) to base 13.
1
What is -1001100 (base 2) in base 7?
-136
324 (base 7) to base 11
140
-2121 (base 3) to base 9
-77
Convert 1d (base 16) to base 6.
45
Convert -34 (base 5) to base 11.
-18
What is -1000011 (base 2) in base 13?
-52
Convert -8 (base 11) to base 12.
-8
Convert -cb (base 13) to base 4.
-2213
-5 (base 8) to base 5
-10
-2 (base 8) to base 5
-2
-2 (base 8) to base 7
-2
-27 (base 15) to base 9
-41
-a (base 15) to base 7
-13
What is -4 (base 11) in base 3?
-11
What is -102 (base 5) in base 3?
-1000
Convert 13 (base 8) to base 7.
14
Convert -3 (base 13) to base 9.
-3
28 (base 11) to base 3
1010
-69 (base 12) to base 9
-100
32 (base 4) to base 14
10
Convert 7 (base 9) to base 16.
7
What is 2b (base 14) in base 8?
47
What is 15c (base 14) in base 6?
1142
What is 1a (base 14) in base 16?
18
-1 (base 2) to base 15
-1
What is -174 (base 9) in base 12?
-104
-32 (base 13) to base 8
-51
3 (base 9) to base 6
3
What is 1a0 (base 11) in base 9?
276
What is 102 (base 5) in base 3?
1000
What is 15 (base 12) in base 9?
18
Convert 110 (base 3) to base 7.
15
0 (base 8) to base 11
0
Convert 0 (base 3) to base 12.
0
Convert -5 (base 12) to base 9.
-5
What is 1100 (base 2) in base 7?
15
71 (base 14) to base 6
243
What is 244 (base 7) in base 13?
a0
Convert -2 (base 15) to base 16.
-2
153 (base 8) to base 14
79
Convert -22 (base 7) to base 9.
-17
Convert -70 (base 16) to